{"id":1825,"date":"2023-08-09T17:46:23","date_gmt":"2023-08-09T20:46:23","guid":{"rendered":"https:\/\/pradorodas.com.br\/?post_type=product&#038;p=1825"},"modified":"2024-02-27T11:19:05","modified_gmt":"2024-02-27T14:19:05","slug":"rodas-scorro-s259-jogo-com-4-rodas-gm-volkswagen-hyundai-2","status":"publish","type":"product","link":"https:\/\/pradorodas.com.br\/index.php\/produto\/rodas-scorro-s259-jogo-com-4-rodas-gm-volkswagen-hyundai-2\/","title":{"rendered":"Rodas Scorro &#8211; S259 Jogo com 4 rodas GM &#8211; Volkswagen &#8211; Hyundai"},"content":{"rendered":"<p>Caracter\u00edsticas do Produto<br \/>\nFura\u00e7\u00e3o:  4X100<br \/>\nPintura: DIAMANTADA GRAFITE ESCURO<br \/>\nMaterial: liga leve (Alum\u00ednio).<br \/>\nEquipe o seu ve\u00edculo com estilo, qualidade e melhor pre\u00e7o em rodas e pneus aqui na PRADORODAS!<br \/>\nRodas Jogo com 4 rodas GM &#8211; Volkswagen &#8211; Hyundai<\/p>\n<p>As rodas de alum\u00ednio traz economia para o bolso do condutor, porque, como trazem leveza ao ve\u00edculo, consequentemente gastam menos combust\u00edvel, tornando o carro mais econ\u00f4mico. Feitas de alum\u00ednio e sil\u00edcio, as rodas de liga leve s\u00e3o acess\u00f3rios muito cobi\u00e7ados entre os motoristas que gostam de dar um upgrade na apar\u00eancia do ve\u00edculo. Em compara\u00e7\u00e3o com as rodas de a\u00e7o, que s\u00e3o mais comuns entre os carros, as rodas de liga leve oferecem mais resist\u00eancia e s\u00e3o mais leves.<\/p>\n","protected":false},"excerpt":{"rendered":"<p>Caracter\u00edsticas do Produto<br \/>\nFura\u00e7\u00e3o:  4X100<br \/>\nPintura: DIAMANTADA GRAFITE ESCURO<br \/>\nMaterial: liga leve (Alum\u00ednio).<br \/>\nEquipe o seu ve\u00edculo com estilo, qualidade e melhor pre\u00e7o em rodas e pneus aqui na PRADORODAS!<br \/>\nRodas Jogo com 4 rodas GM &#8211; Volkswagen &#8211; Hyundai<\/p>\n<p>As rodas de alum\u00ednio traz economia para o bolso do condutor, porque, como trazem leveza ao ve\u00edculo, consequentemente gastam menos combust\u00edvel, tornando o carro mais econ\u00f4mico. Feitas de alum\u00ednio e sil\u00edcio, as rodas de liga leve s\u00e3o acess\u00f3rios muito cobi\u00e7ados entre os motoristas que gostam de dar um upgrade na apar\u00eancia do ve\u00edculo. Em compara\u00e7\u00e3o com as rodas de a\u00e7o, que s\u00e3o mais comuns entre os carros, as rodas de liga leve oferecem mais resist\u00eancia e s\u00e3o mais leves.<\/p>\n","protected":false},"featured_media":1671,"template":"","meta":{"_joinchat":[]},"product_cat":[42,22],"product_tag":[70,29,82,72,75,76,77,78,79,80,71,69,67,68,74,73,81],"_links":{"self":[{"href":"https:\/\/pradorodas.com.br\/index.php\/wp-json\/wp\/v2\/product\/1825"}],"collection":[{"href":"https:\/\/pradorodas.com.br\/index.php\/wp-json\/wp\/v2\/product"}],"about":[{"href":"https:\/\/pradorodas.com.br\/index.php\/wp-json\/wp\/v2\/types\/product"}],"wp:featuredmedia":[{"embeddable":true,"href":"https:\/\/pradorodas.com.br\/index.php\/wp-json\/wp\/v2\/media\/1671"}],"wp:attachment":[{"href":"https:\/\/pradorodas.com.br\/index.php\/wp-json\/wp\/v2\/media?parent=1825"}],"wp:term":[{"taxonomy":"product_cat","embeddable":true,"href":"https:\/\/pradorodas.com.br\/index.php\/wp-json\/wp\/v2\/product_cat?post=1825"},{"taxonomy":"product_tag","embeddable":true,"href":"https:\/\/pradorodas.com.br\/index.php\/wp-json\/wp\/v2\/product_tag?post=1825"}],"curies":[{"name":"wp","href":"https:\/\/api.w.org\/{rel}","templated":true}]}}